nd 1361.
1361
What is the greatest common factor of 11 and 475079?
11
What is the highest common divisor of 29202 and 1413?
471
What is the greatest common factor of 336 and 15000?
24
What is the highest common factor of 82612 and 6308?
76
What is the greatest common divisor of 45 and 2466?
9
Calculate the highest common divisor of 5564 and 9844.
428
What is the highest common factor of 94674 and 372?
186
Calculate the highest common factor of 2262 and 18357.
87
What is the greatest common factor of 11862234 and 36?
18
What is the highest common factor of 135219 and 6576?
411
What is the greatest common divisor of 3330 and 80586?
666
What is the greatest common divisor of 10 and 3171820?
10
Calculate the highest common factor of 104 and 98722.
26
What is the greatest common factor of 4772 and 7?
1
What is the greatest common factor of 82 and 5467104?
82
Calculate the highest common divisor of 24 and 135024.
24
What is the greatest common factor of 224 and 42?
14
What is the highest common factor of 4588 and 2356?
124
What is the greatest common divisor of 287064 and 54?
54
Calculate the highest common divisor of 39 and 34541.
13
Calculate the greatest common divisor of 4818 and 96798.
438
Calculate the greatest common divisor of 171908 and 88.
44
What is the greatest common factor of 236 and 69443?
59
Calculate the highest common divisor of 29 and 76473.
29
What is the highest common factor of 505 and 95849?
101
What is the greatest common factor of 9 and 2587041?
9
What is the greatest common divisor of 25 and 2214?
1
Calculate the greatest common divisor of 182 and 245609.
91
Calculate the highest common factor of 208 and 664820.
52
Calculate the greatest common divisor of 90 and 137230.
10
Calculate the highest common divisor of 1080705 and 120.
15
What is the highest common factor of 18 and 684336?
6
What is the highest common divisor of 1696 and 56?
8
Calculate the greatest common factor of 351 and 1242.
27
Calculate the greatest common divisor of 52 and 852.
4
Calculate the highest common factor of 1811948 and 1072.
268
Calculate the greatest common divisor of 286637 and 442.
221
What is the greatest common factor of 12 and 1993728?
12
Calculate the greatest common divisor of 35 and 4415.
5
What is the highest common divisor of 11904 and 2208?
96
Calculate the greatest common divisor of 78 and 54951.
39
What is the greatest common divisor of 7733 and 261294?
407
What is the greatest common factor of 2940 and 1080?
60
Calculate the highest common factor of 642 and 408954.
642
Calculate the highest common divisor of 86199 and 354.
177
What is the highest common divisor of 7751719 and 743?
743
What is the highest common divisor of 114962 and 7614?
94
What is the highest common divisor of 1403 and 2562?
61
Calculate the highest common factor of 2552 and 352.
88
What is the highest common divisor of 977 and 1?
1
Calculate the greatest common divisor of 1179300 and 300.
300
Calculate the greatest common factor of 3359550 and 150.
150
Calculate the greatest common factor of 9580442 and 206.
206
What is the greatest common divisor of 829 and 2988545?
829
What is the greatest common divisor of 192 and 12756?
12
What is the highest common factor of 19613 and 11?
11
Calculate the greatest common factor of 108683 and 753.
251
What is the greatest common divisor of 1488896 and 512?
512
Calculate the highest common divisor of 10812 and 468.
12
Calculate the highest common factor of 21345 and 180.
15
Calculate the greatest common divisor of 218 and 35534.
218
What is the highest common factor of 51179 and 244?
61
Calculate the greatest common divisor of 5832 and 4608.
72
What is the greatest common divisor of 23313 and 228?
57
What is the greatest common factor of 814 and 2853070?
814
Calculate the greatest common divisor of 458 and 148163.
229
What is the highest common divisor of 60379 and 847?
121
What is the highest common factor of 11441 and 289?
17
What is the greatest common divisor of 8439 and 5075?
29
Calculate the highest common factor of 3604080 and 60.
60
What is the highest common factor of 14823 and 8505?
243
What is the greatest common factor of 273533 and 794?
397
Calculate the highest common factor of 14 and 854.
14
What is the highest common divisor of 4336 and 905953?
271
What is the greatest common divisor of 74 and 188?
2
What is the greatest common divisor of 152 and 375554?
38
What is the greatest common divisor of 58328 and 3956?
92
What is the greatest common divisor of 90831 and 13?
13
Calculate the greatest common divisor of 52246 and 1384.
346
What is the highest common factor of 74819 and 161?
23
Calculate the greatest common factor of 396207 and 798.
399
What is the highest common divisor of 464 and 28101?
29
What is the highest common factor of 42765 and 720?
15
What is the highest common divisor of 4934860 and 404?
404
What is the highest common divisor of 2541 and 5742?
33
What is the highest common factor of 26306778 and 1669?
1669
What is the greatest common divisor of 13 and 1897519?
13
What is the greatest common divisor of 2498 and 46?
2
What is the greatest common factor of 563936 and 128?
32
What is the highest common factor of 30 and 62625?
15
What is the greatest common factor of 24403 and 16238?
23
Calculate the highest common divisor of 181719 and 3111.
183
What is the greatest common divisor of 1188 and 1102068?
396
Calculate the highest common factor of 54720 and 152.
152
Calculate the greatest common divisor of 22 and 118107.
11
What is the highest common divisor of 22648 and 2584?
152
What is the highest common factor of 341 and 7579?
11
Calculate the greatest common factor of 25184 and 32267.
787
What is the highest common divisor of 236 and 897272?
236
What is the greatest common factor of 550 and 1122?
22
What is the highest common divisor of 39732 and 21252?
924
Calculate the greatest common divisor of 6237 and 88.
11
What is the highest common divisor of 3240 and 64530?
270
What is the greatest common divisor of 497167 and 275?
11
What is the highest common divisor of 821 and 3589412?
821
Calculate the greatest common factor of 2668342 and 201.
67
What is the highest common divisor of 3870 and 1655070?
1290
Calculate the highest common factor of 6846 and 399.
21
Calculate the greatest common factor of 5465 and 25.
5
Calculate the highest common divisor of 900 and 10512.
36
Calculate the greatest common factor of 892 and 716.
4
Calculate the greatest common factor of 1736 and 9300.
124
Calculate the highest common divisor of 56189 and 12913.
349
Calculate the highest common factor of 5221 and 460.
23
Calculate the greatest common factor of 6852 and 3084.
12
Calculate the highest common divisor of 2760 and 3144.
24
What is the greatest common divisor of 122040 and 7560?
1080
What is the highest common factor of 20 and 173044?
4
Calculate the highest common divisor of 22 and 163273.
11
What is the highest common divisor of 196020 and 396?
396
What is the highest common factor of 2077 and 8576?
67
What is the greatest common factor of 192213 and 2268?
567
Calculate the greatest common divisor of 22071 and 63.
21
What is the greatest common divisor of 87552 and 532?
76
What is the greatest common divisor of 465 and 323795?
155
Calculate the greatest common divisor of 11 and 1875412.
11
What is the highest common factor of 38150 and 56?
14
What is the greatest common divisor of 95058 and 18?
18
Calculate the greatest common factor of 12096 and 2212.
28
Calculate the greatest common factor of 2329 and 131383.
137
What is the greatest common factor of 2759 and 31000?
31
Calculate the highest common divisor of 100 and 14320.
20
Calculate the greatest common divisor of 260 and 2200510.
130
What is the greatest common factor of 234 and 32004?
18
What is the greatest common factor of 294849 and 9?
9
Calculate the greatest common factor of 1532 and 63578.
766
What is the greatest common divisor of 35813 and 17603?
607
What is the greatest common divisor of 103 and 246685?
103
What is the highest common factor of 733 and 971225?
733
What is the greatest common factor of 8663 and 131?
1
Calculate the highest common factor of 22 and 55198.
22
Calculate the greatest common divisor of 33 and 291687.
33
Calculate 